n divisor of u and o?
11
Suppose -3*i + 3147 = t - 4*t, -i + 4 = 0. Let f be ((-2)/(-5))/((-38)/t). What is the highest common divisor of 121 and f?
11
Suppose 3*y - 3*g - 1800 = 0, -4*y + 0*g = -3*g - 2402. Let r(u) = u**2 - 406*u + 1622. Let c be r(4). Calculate the greatest common divisor of y and c.
14
Suppose -5*d + 5 - 30 = 0, 2*l - 1359 = -3*d. Suppose 445 + l = 4*f - 4*j, 0 = -2*f - j + 572. Calculate the highest common divisor of f and 15.
15
Let o(y) = -2333*y**3 - y. Let n be o(-1). Suppose -16*u + n = -11266. What is the greatest common divisor of 50 and u?
50
Suppose 3*k - 28 = -4*k. Suppose 2*v + 5 = -4*p + 5*v, 0 = 4*p - k*v + 8. Let j = -3 - -5. What is the greatest common factor of j and p?
1
Suppose 2185 = 5*m + 1500. Suppose -3*z + 358 + m = 0. Calculate the greatest common factor of z and 120.
15
Suppose 4*v = v + 225. Let a be (-62)/(-22) + 62/341. Suppose -a = -2*f + 87. What is the greatest common divisor of f and v?
15
Let m(c) = 177*c**2 + 933*c + 2809. Let h be m(-3). What is the greatest common factor of h and 49?
7
Suppose -1495 + 4105 = 87*j. What is the highest common divisor of 22730 and j?
10
Suppose 3*g - 18 = -4*h, -2*h + 3*g + g = -20. Let q(s) = -6*s**2 + 8*s - 40. Let n be q(10). Let r = 584 + n. What is the greatest common factor of r and h?
6
Suppose -54*l + l = 14*l - 48977. Calculate the greatest common divisor of 289 and l.
17
Let c(t) = -t - t**2 - 7 - t + 7*t**3 + 5 - 27*t**3. Let m be ((-4)/2)/(-2 - -4). Let g be c(m). Calculate the greatest common factor of 171 and g.
19
Let c(d) = 441*d**2 - 2*d - 3. Let i be c(-1). Calculate the highest common divisor of i and 1936.
88
Let a(j) = -36*j - 624. Let w be a(-34). Calculate the greatest common factor of w and 12.
12
Let r = -730 + 732. Suppose -916 = -2*b + i, -4*i = 3*b - r*b - 467. What is the greatest common factor of b and 9?
9
Suppose 5*g = 3*t + 14, g = 2*t - 0*g. Suppose -5*q = -u - t, -2*u - u + 36 = -q. Let x = 177 - 86. Calculate the greatest common divisor of x and u.
13
Let s = 9796 + -9784. What is the highest common factor of 4950 and s?
6
Suppose 2740 = f + 9*f. Suppose 0 = -7*k - 181 - f. Let i = k + 79. What is the greatest common divisor of 28 and i?
14
Let g(k) = -k**2 + 8*k - 12. Let f be g(6). Suppose -4*i + 14 + 10 = f. Suppose 5 = i*u - 5*u. Calculate the greatest common factor of u and 1.
1
Suppose -m - 42 = -4*s + 119, 2*m = -10. Let f = -30917 - -30956. Calculate the highest common factor of s and f.
39
Let n = 45 + -5. Suppose 4*q = 3*q + n. Suppose 20*a + 4*t + 45 = 21*a, 3*a + 2*t = -5. Calculate the highest common divisor of a and q.
5
Let k be (-12)/36*(-7 + 4). Let i be (54/(-24)*k)/((-1)/116). Calculate the greatest common factor of 18 and i.
9
Suppose -17*g + 25*g - 3200 = 0. Calculate the greatest common factor of 1984 and g.
16
Let k(j) = -j**2 - 7*j + 7. Let t be k(-6). Suppose -1685 - 2805 = -10*x. Let g = x + -306. Calculate the highest common divisor of g and t.
13
Let a be -1*-729*11/11. Calculate the greatest common factor of 270 and a.
27
Let d(x) = 2*x**3 + 6*x**2 - 2*x + 24. Let u be d(-7). Let s = -288 - u. Calculate the greatest common factor of 242 and s.
22
Let l be (-391 - 51)*(8 + -10 - -1). Let u = 45 - -7. What is the greatest common divisor of l and u?
26
Let m = 71 + -7. Let v(g) = -2*g**3 - 15*g**2 - 8*g - 3. Let r be v(-7). Calculate the greatest common factor of m and r.
4
Let w be ((-473)/(-22) - 22)*-434. Calculate the highest common factor of 63 and w.
7
Let b(w) = 2*w**2 - w + 9. Let p = -2 + 9. Let l be b(p). Let m = -573 + 593. What is the greatest common factor of m and l?
20
Let q be 5*(7188/60 - -13). What is the greatest common factor of 415 and q?
83
Suppose 50 = -2*c - 0*c. Let n = c + 39. Suppose 15*r = 115 + 935. What is the greatest common divisor of r and n?
14
Let c be (1 - 2)*(11 - 43). Let n = -1431 - -1575. Calculate the highest common divisor of c and n.
16
Let q = 8920 - 8887. Calculate the greatest common divisor of q and 24.
3
Let b = 198 - 195. Suppose -t = -4*s + 141, s - b*s = 3*t - 67. Calculate the highest common divisor of 10 and s.
5
Suppose 15 = -5*r + 6*r - 24. What is the greatest common factor of r and 96?
3
Let j(x) = 123*x**2 - 1175*x - 2347. Let a be j(-2). Calculate the greatest common factor of 561 and a.
33
Suppose 362825 - 54269 = 122*s - 16574. Calculate the highest common divisor of 1495 and s.
65
Let k(p) be the second derivative of 77*p**4/12 + 4*p**3/3 + 4*p**2 + 3*p. Let s be k(-1). What is the highest common factor of 22 and s?
11
Suppose -157*r + 6354 = -3537. Calculate the greatest common divisor of 147 and r.
21
Let s = 21 - 14. Suppose t - 29 = 4*j + 26, -13*j - 211 = -4*t. Let u = t - s. Calculate the greatest common factor of 9 and u.
9
Suppose 2979 = 5*j + 1304. Calculate the greatest common factor of 40 and j.
5
Suppose 3*g + 5*w - 265 = 0, 3*g + 5*w = 2*g + 85. Suppose 0 = -3*c + 2*c - 4. Let f be c/(-14) - -104*6/21. Calculate the greatest common divisor of f and g.
30
Let q = -55 + 65. Suppose 4*l - 4*b + 84 = 0, 24 + 45 = -4*l + b. Let f = q - l. Calculate the highest common divisor of f and 234.
26
Let p = 119 - 117. Let m(i) = 51*i. Let w be m(p). Calculate the highest common divisor of w and 119.
17
Suppose 3*k + 5*d - 40 = 23, 0 = -4*k + d + 84. Let q = -15 - -5. Let j be (-4154)/(-18) + q/(-45). Calculate the greatest common factor of j and k.
21
Let f(g) = -g**3 + 9*g**2 + 59*g - 86. Let k be f(13). Suppose -5*j - h + 1195 = 0, 3*j - 6*h + 2*h - 740 = 0. What is the highest common factor of j and k?
5
Suppose 16 = 4*f + 4*f. What is the highest common divisor of 636 and f?
2
Suppose 8*s - 69 = 7*s - 3*p, -201 = -4*s + 3*p. Suppose 7*t - 137 = -11. Calculate the highest common divisor of s and t.
18
Suppose 0 = 3*i - 4*i - u + 404, 2*i - 788 = 3*u. What is the highest common factor of i and 136?
8
Let f be 12*(28/24)/((-2)/(-3)). Let s(v) = 8*v - 10*v - v + f + 43. Let h be s(19). What is the highest common divisor of h and 56?
7
Let v = -107 - -176. Suppose 3*l = -3 + v. Calculate the highest common factor of 11 and l.
11
Suppose 14*v + 5 = 15*v. Suppose -v*l + 506 + 484 = 0. What is the greatest common factor of l and 22?
22
Let i be -3 + 8 + (0 - 19 - -186). What is the greatest common factor of 14018 and i?
86
Let q = 154 + 88. What is the highest common divisor of 352 and q?
22
Suppose -88273 - 72591 = -63*s + 31*s. What is the highest common factor of 44 and s?
11
Suppose -a - 1 = 0, 2*p - 19 = 2*a + 67. Let x(v) = 119*v - 35. Let z be x(1). What is the greatest common factor of z and p?
42
Let l(t) = 177*t**2 + t - 4. Let j be l(2). Let k = -661 + j. Calculate the highest common divisor of k and 255.
15
Let v(y) = -1 - 6*y - 1 + 2*y. Let o be v(-9). Let h be 51/(-18)*4*36/(-8). What is the highest common factor of h and o?
17
Let v be (15/20)/(-7 + (-1518)/(-216)). Let o be -2*2/2 + 191. Calculate the highest common divisor of o and v.
27
Suppose 3*u - 22*y - 163 = -20*y, -4*y + 235 = 5*u. Calculate the highest common divisor of u and 357.
51
Let q be (-33930)/(-8) - (-1059)/1412. Calculate the highest common factor of 84 and q.
42
Let q = -44 + 41. Let z be ((-2)/q)/(11/1749). Let b = z - 55. What is the highest common divisor of 34 and b?
17
Suppose 98 + 42 = -5*g. Let r be (g/6)/(3/513*-6). Let q(m) = -m**3 - 19*m**2 + 41*m + 17. Let x be q(-21). What is the greatest common divisor of r and x?
19
Let f be -3*1/((-7380)/819 + 9). Calculate the highest common divisor of f and 156.
39
Suppose 15*i = 13*i + 5*f + 61, 4*f - 50 = -i. What is the greatest common factor of 5149 and i?
19
Suppose 54 = 551*j - 548*j. Calculate the greatest common factor of j and 33.
3
Let h = 282 - 280. Let c be 10/h + 185/5. Let b be (-60)/(2 + -4) + -2. What is the greatest common factor of b and c?
14
Suppose 79*l + 40 = 74*l, -5*a = 3*l - 176. What is the highest common divisor of a and 15020?
20
Let a(r) = -r**3 - 2*r**2 + r + 26. Let w be 5/(0 + -5)*0. Let o be a(w). What is the greatest common divisor of o and 234?
26
Let z(c) = -1460*c - 19620. Let y be z(-19). Calculate the highest common divisor of y and 70.
70
Let m be (-181 - 9)*(1 - (-3)/(-2)). Suppose 2*u - 3*u + 85 = 0. Suppose -3*b + u = -m. Calculate the highest common divis